{"id":39,"date":"2023-04-02T14:25:34","date_gmt":"2023-04-02T14:25:34","guid":{"rendered":"http:\/\/suportecomum.pt\/?page_id=39"},"modified":"2023-04-17T12:44:48","modified_gmt":"2023-04-17T12:44:48","slug":"onde-estamos","status":"publish","type":"page","link":"https:\/\/suportecomum.pt\/?page_id=39","title":{"rendered":"Solu\u00e7\u00f5es de Seguran\u00e7a"},"content":{"rendered":"","protected":false},"excerpt":{"rendered":"","protected":false},"author":1,"featured_media":0,"parent":0,"menu_order":0,"comment_status":"closed","ping_status":"closed","template":"","meta":{"footnotes":""},"class_list":["post-39","page","type-page","status-publish","hentry"],"_links":{"self":[{"href":"https:\/\/suportecomum.pt\/index.php?rest_route=\/wp\/v2\/pages\/39","targetHints":{"allow":["GET"]}}],"collection":[{"href":"https:\/\/suportecomum.pt\/index.php?rest_route=\/wp\/v2\/pages"}],"about":[{"href":"https:\/\/suportecomum.pt\/index.php?rest_route=\/wp\/v2\/types\/page"}],"author":[{"embeddable":true,"href":"https:\/\/suportecomum.pt\/index.php?rest_route=\/wp\/v2\/users\/1"}],"replies":[{"embeddable":true,"href":"https:\/\/suportecomum.pt\/index.php?rest_route=%2Fwp%2Fv2%2Fcomments&post=39"}],"version-history":[{"count":2,"href":"https:\/\/suportecomum.pt\/index.php?rest_route=\/wp\/v2\/pages\/39\/revisions"}],"predecessor-version":[{"id":115,"href":"https:\/\/suportecomum.pt\/index.php?rest_route=\/wp\/v2\/pages\/39\/revisions\/115"}],"wp:attachment":[{"href":"https:\/\/suportecomum.pt\/index.php?rest_route=%2Fwp%2Fv2%2Fmedia&parent=39"}],"curies":[{"name":"wp","href":"https:\/\/api.w.org\/{rel}","templated":true}]}}