{"id":27,"date":"2023-04-02T14:23:19","date_gmt":"2023-04-02T14:23:19","guid":{"rendered":"http:\/\/suportecomum.pt\/?page_id=27"},"modified":"2023-04-02T14:58:08","modified_gmt":"2023-04-02T14:58:08","slug":"quem-somos","status":"publish","type":"page","link":"https:\/\/suportecomum.pt\/","title":{"rendered":"Quem Somos"},"content":{"rendered":"\n<p>A SUPORTE COMUM \u00e9 hoje um integrador em Portugal, com experi\u00eancia em Instala\u00e7\u00f5es el\u00e9tricas, tecnologias de informa\u00e7\u00e3o, comunica\u00e7\u00e3o e seguran\u00e7a. A nossa miss\u00e3o de neg\u00f3cio \u00e9 baseada na consultoria, planeamento, conce\u00e7\u00e3o, implementa\u00e7\u00e3o e suporte de solu\u00e7\u00f5es e servi\u00e7os.<\/p>\n\n\n\n<p>A SUPORTE COMUM tem como miss\u00e3o proporcionar aos seus clientes, atrav\u00e9s de uma equipa dedicada, motivada, qualificada e competente,&nbsp;<strong>as solu\u00e7\u00f5es que melhor transferem experi\u00eancias de qualidade e inova\u00e7\u00e3o<\/strong>, respeitando o meio ambiente e a sociedade.<\/p>\n\n\n\n<h2 class=\"wp-block-heading\">Servi\u00e7os Suporte Comum<\/h2>\n\n\n\n<p>A SUPORTE COMUM \u00e9 uma Empresa certificada na presta\u00e7\u00e3o de servi\u00e7os de instala\u00e7\u00e3o e assist\u00eancia nos equipamentos comercializados.<\/p>\n\n\n\n<p>Os nossos servi\u00e7os de consultoria estendem-se por v\u00e1rias fases de interven\u00e7\u00e3o, nomeadamente a auditoria pr\u00e9via para an\u00e1lise de necessidades, desenho, integra\u00e7\u00e3o, implementa\u00e7\u00e3o e manuten\u00e7\u00e3o cont\u00ednua. Dependendo do n\u00edvel de assist\u00eancia que o cliente necessita, a SUPORTE COMUM prop\u00f5e de forma flex\u00edvel e competitiva a presta\u00e7\u00e3o de servi\u00e7os de comunica\u00e7\u00f5es.<\/p>\n\n\n\n<p><\/p>\n","protected":false},"excerpt":{"rendered":"<p>A SUPORTE COMUM \u00e9 hoje um integrador em Portugal, com experi\u00eancia em Instala\u00e7\u00f5es el\u00e9tricas, tecnologias de informa\u00e7\u00e3o, comunica\u00e7\u00e3o e seguran\u00e7a. A nossa miss\u00e3o de neg\u00f3cio \u00e9 baseada na consultoria, planeamento, conce\u00e7\u00e3o, implementa\u00e7\u00e3o e suporte de solu\u00e7\u00f5es e servi\u00e7os. A SUPORTE COMUM tem como miss\u00e3o proporcionar aos seus clientes, atrav\u00e9s de uma equipa dedicada, motivada, qualificada [&hellip;]<\/p>\n","protected":false},"author":1,"featured_media":0,"parent":0,"menu_order":0,"comment_status":"closed","ping_status":"closed","template":"","meta":{"footnotes":""},"class_list":["post-27","page","type-page","status-publish","hentry"],"_links":{"self":[{"href":"https:\/\/suportecomum.pt\/index.php?rest_route=\/wp\/v2\/pages\/27","targetHints":{"allow":["GET"]}}],"collection":[{"href":"https:\/\/suportecomum.pt\/index.php?rest_route=\/wp\/v2\/pages"}],"about":[{"href":"https:\/\/suportecomum.pt\/index.php?rest_route=\/wp\/v2\/types\/page"}],"author":[{"embeddable":true,"href":"https:\/\/suportecomum.pt\/index.php?rest_route=\/wp\/v2\/users\/1"}],"replies":[{"embeddable":true,"href":"https:\/\/suportecomum.pt\/index.php?rest_route=%2Fwp%2Fv2%2Fcomments&post=27"}],"version-history":[{"count":4,"href":"https:\/\/suportecomum.pt\/index.php?rest_route=\/wp\/v2\/pages\/27\/revisions"}],"predecessor-version":[{"id":75,"href":"https:\/\/suportecomum.pt\/index.php?rest_route=\/wp\/v2\/pages\/27\/revisions\/75"}],"wp:attachment":[{"href":"https:\/\/suportecomum.pt\/index.php?rest_route=%2Fwp%2Fv2%2Fmedia&parent=27"}],"curies":[{"name":"wp","href":"https:\/\/api.w.org\/{rel}","templated":true}]}}